False
Is 1264189 prime?
True
Is 253309 a composite number?
True
Is 606223 a prime number?
True
Is 26791 prime?
False
Is 238781 prime?
True
Is 567689 a composite number?
False
Is 227037 prime?
False
Is 154195 prime?
False
Is 907 a prime number?
True
Is 1828135 composite?
True
Is 234653 a composite number?
False
Is 6947 composite?
False
Is 124613 a prime number?
False
Is 1727 composite?
True
Is 2885341 a prime number?
True
Is 5024639 a composite number?
True
Is 220261 composite?
True
Is 12829 prime?
True
Is 18509 prime?
False
Is 1683631 a prime number?
True
Is 40577 composite?
False
Is 20507 composite?
False
Is 181001 a composite number?
False
Is 7039 prime?
True
Is 1465093 composite?
True
Is 263 a composite number?
False
Is 29398 a prime number?
False
Is 17233 prime?
False
Is 86749 prime?
False
Is 836347 a composite number?
False
Is 99373 composite?
True
Is 720661 a prime number?
True
Is 2459 composite?
False
Is 43073 composite?
True
Is 1543 a prime number?
True
Is 45179 a composite number?
False
Is 13229 prime?
True
Is 4201 prime?
True
Is 4981 composite?
True
Is 7162 prime?
False
Is 11113 prime?
True
Is 4351879 prime?
False
Is 172849 a prime number?
True
Is 208547 a prime number?
False
Is 184153 a prime number?
True
Is 8542 a prime number?
False
Is 133841 a prime number?
False
Is 410857 prime?
True
Is 39451 a composite number?
False
Is 409 composite?
False
Is 12721 composite?
False
Is 174387 prime?
False
Is 3181 a prime number?
True
Is 2461 prime?
False
Is 1612561 prime?
True
Is 27847 a prime number?
True
Is 620335 prime?
False
Is 156863 a prime number?
False
Is 13355 composite?
True
Is 31495 a composite number?
True
Is 31781 a prime number?
False
Is 47381 composite?
False
Is 6022 prime?
False
Is 55745 composite?
True
Is 17399 a composite number?
True
Is 769 a prime number?
True
Is 45607 a composite number?
True
Is 638527 a prime number?
True
Is 1830319 prime?
True
Is 6779 prime?
True
Is 23473 prime?
True
Is 30269 a composite number?
False
Is 40927 prime?
True
Is 272807 prime?
True
Is 232615 prime?
False
Is 706841 a prime number?
True
Is 1136623 composite?
False
Is 2477 a prime number?
True
Is 159287 prime?
True
Is 581899 composite?
True
Is 534341 a composite number?
False
Is 6487 a prime number?
False
Is 59141 composite?
False
Is 115189 prime?
False
Is 131101 composite?
False
Is 37921 composite?
True
Is 9288805 prime?
False
Is 76709 a prime number?
False
Is 74077 prime?
True
Is 911689 a prime number?
True
Is 22303 composite?
False
Is 3973 prime?
False
Is 91337 a prime number?
False
Is 416463 prime?
False
Is 16013 a prime number?
False
Is 2051 prime?
False
Is 155137 prime?
True
Is 57895 a prime number?
False
Is 6671 a prime number?
False
Is 11846 a composite number?
True
Is 64849 a prime number?
True
Is 18742 a prime number?
False
Is 1215079 prime?
True
Is 15815 prime?
False
Is 13381 a prime number?
True
Is 12473 composite?
False
Is 16591 composite?
True
Is 173021 composite?
False
Is 10007 a prime number?
True
Is 30203 a prime number?
True
Is 195191 composite?
True
Is 222029 a prime number?
True
Is 208869 prime?
False
Is 415603 a prime number?
True
Is 41707 composite?
True
Is 278459 a composite number?
False
Is 539813 composite?
True
Is 52141 a composite number?
True
Is 101267 a prime number?
True
Is 3293 a composite number?
True
Is 1657 a prime number?
True
Is 1249 prime?
True
Is 36291 composite?
True
Is 1030457 composite?
True
Is 3639 composite?
True
Is 7981 a prime number?
False
Is 59579 composite?
True
Is 544411 composite?
True
Is 27035 prime?
False
Is 388459 a composite number?
False
Is 180779 prime?
True
Is 10211 a prime number?
True
Is 1793 a prime number?
False
Is 569091 composite?
True
Is 907 composite?
False
Is 3407 a composite number?
False
Is 209687 a prime number?
True
Is 807281 prime?
True
Is 6947 a prime number?
True
Is 47563 prime?
True
Is 1177919 composite?
False
Is 43999 a prime number?
False
Is 1064629 composite?
False
Is 127 a prime number?
True
Is 22187 prime?
False
Is 1399 a prime number?
True
Is 5739 a prime number?
False
Is 34831 a composite number?
True
Is 25399 composite?
True
Is 1393793 composite?
True
Is 28703 prime?
True
Is 1109917 prime?
False
Is 23417 composite?
False
Is 44059 prime?
True
Is 6887 a prime number?
False
Is 1260011 a prime number?
True
Is 152717 a prime number?
True
Is 6233 prime?
False
Is 492377 a composite number?
False
Is 70891 composite?
False
Is 92753 a composite number?
False
Is 313381 composite?
False
Is 14173 a composite number?
False
Is 5249 a composite number?
True
Is 22343 prime?
True
Is 289229 a prime number?
False
Is 46663 a prime number?
True
Is 16351 a composite number?
True
Is 22189 composite?
False
Is 40669 composite?
True
Is 47986 prime?
False
Is 87733 composite?
True
Is 144997 composite?
True
Is 1048759 a prime number?
True
Is 326093 prime?
False
Is 28493 a prime number?
True
Is 6803 a composite number?
False
Is 105467 a composite number?
False
Is 5623 a prime number?
True
Is 72107 a prime number?
False
Is 81085 a composite number?
True
Is 437459 prime?
False
Is 33149 a composite number?
False
Is 10453 composite?
False
Is 73109 a prime number?
False
Is 5331 prime?
False
Is 4987 a composite number?
False
Is 198233 composite?
True
Is 8402 prime?
False
Is 3379267 composite?
True
Is 180669 a prime number?
False
Is 16619 prime?
True
Is 149827 a prime number?
True
Is 112163 composite?
False
Is 173091 a composite number?
True
Is 20523 a prime number?
False
Is 203381 prime?
True
Is 373 prime?
True
Is 181039 a prime number?
True
Is 4919 composite?
False
Is 3163 a composite number?
False
Is 107293 a prime number?
False
Is 211559 a prime number?
True
Is 21587 prime?
True
Is 538355 prime?
False
Is 206215 a prime number?
False
Is 50989 a composite number?
False
Is 81053 composite?
True
Is 1907 a composite number?
False
Is 213677 composite?
True
Is 353854 a prime number?
False
Is 5241 prime?
False
Is 4573 a prime number?
False
Is 894869 prime?
True
Is 114671 a prime number?
True
Is 1299437 a composite number?
False
Is 74147 prime?
False
Is 12589 a prime number?
True
Is 8465 a prime number?
False
Is 3413 a prime number?
True
Is 495265 a prime number?
False
Is 596503 a composite number?
False
Is 20626 prime?
False
Is 338177 composite?
True
Is 569573 a composite number?
False
Is 47933 composite?
False
Is 39595 a composite number?
True
Is 930403 a composite number?
True
Is 4109 composite?
True
Is 954319 prime?
True
Is 3839 a composite number?
True
Is 799 prime?
False
Is 629287 composite?
True
Is 295609 composite?
True
Is 1909 prime?
False
Is 7559 composite?
False
Is 25495 prime?
False
Is 976223 a composite number?
True
Is 23401 a composite number?
True
Is 1479129 a composite number?
True
Is 14995 a prime number?
False
Is 2657 a composite number?
False
Is 12353 prime?
False
Is 16753 a prime number?
False
Is 6943 prime?
False
Is 1876045 a composite number?
True
Is 109885 a prime number?
False
Is 31013 prime?
True
Is 9391 prime?
True
Is 1961 a prime number?
False
Is 202849 a prime number?
False
Is 393461 a composite number?
True
Is 160243 a composite number?
False
Is 2039 composite?
False
Is 3203 composite?
False
Is 2059 composite?
True
Is 907 composite?
False
Is 182201 composite?
False
Is 54851 a composite number?
False
Is 13159 a composite number?
False
Is 53765 prime?
False
Is 12185 prime?
False
Is 101771 prime?
True
Is 115341 prime?
False
Is 44209 a composite number?
True
Is 250927 prime?
False
Is 3217 a prime number?
True
Is 382207 prime?
False
Is 17179 composite?
True
Is 260551 prime?
True
Is 7493 a prime number?
False
Is 950633 a prime number?
True
Is 243073 composite?
False
Is 2147 prime?
False
Is 416803 a composite number?
True
Is 15793 prime?
False
Is 2927 a composite number?
False
Is 183697 composite?
False
Is 19501 prime?
True
Is 94274 a prime number?
False
Is 1063559 a prime number?
False
Is 7433 a composite number?
False
Is 288865 composite?
True
Is 3041 a prime number?
True
Is 41381 a prime number?
True
Is 165311 a composite number?
False
Is 6973 composite?
True
Is 937813 prime?
True
Is 11777 a prime number?
True
Is 66241 composite?
True
Is 5669 a prime number?
True
Is 14902 a composite number?
True
Is 34123 a composite number?
False
Is 1927 a prime number?
False
Is 561401 prime?
F